[INFO] cloning repository https://github.com/SKYLARMIC25/crispy-pancakeBootsy
[INFO] running `Command { std: "git" "-c" "credential.helper=" "-c" "credential.helper=/workspace/cargo-home/bin/git-credential-null" "clone" "--bare" "https://github.com/SKYLARMIC25/crispy-pancakeBootsy" "/workspace/cache/git-repos/https%3A%2F%2Fgithub.com%2FSKYLARMIC25%2Fcrispy-pancakeBootsy", kill_on_drop: false }`
[INFO] [stderr] Cloning into bare repository '/workspace/cache/git-repos/https%3A%2F%2Fgithub.com%2FSKYLARMIC25%2Fcrispy-pancakeBootsy'...
[INFO] running `Command { std: "git" "rev-parse" "HEAD", kill_on_drop: false }`
[INFO] [stdout] 1c97ce5fa554fe61ca60ae2cfd909830c562da92
[INFO] checking SKYLARMIC25/crispy-pancakeBootsy against master#e6e4f7ed1589e03bc2f6c5931c1a72e7947e8682 for beta-170-4
[INFO] running `Command { std: "git" "clone" "/workspace/cache/git-repos/https%3A%2F%2Fgithub.com%2FSKYLARMIC25%2Fcrispy-pancakeBootsy" "/workspace/builds/worker-2-tc2/source", kill_on_drop: false }`
[INFO] [stderr] Cloning into '/workspace/builds/worker-2-tc2/source'...
[INFO] [stderr] done.
[INFO] validating manifest of git repo https://github.com/SKYLARMIC25/crispy-pancakeBootsy on toolchain e6e4f7ed1589e03bc2f6c5931c1a72e7947e8682
[INFO] running `Command { std: CARGO_HOME="/workspace/cargo-home" RUSTUP_HOME="/workspace/rustup-home" "/workspace/cargo-home/bin/cargo" "+e6e4f7ed1589e03bc2f6c5931c1a72e7947e8682" "metadata" "--manifest-path" "Cargo.toml" "--no-deps", kill_on_drop: false }`
[INFO] removed /workspace/builds/worker-2-tc2/source/.cargo/config
[INFO] started tweaking git repo https://github.com/SKYLARMIC25/crispy-pancakeBootsy
[INFO] finished tweaking git repo https://github.com/SKYLARMIC25/crispy-pancakeBootsy
[INFO] tweaked toml for git repo https://github.com/SKYLARMIC25/crispy-pancakeBootsy written to /workspace/builds/worker-2-tc2/source/Cargo.toml
[INFO] crate git repo https://github.com/SKYLARMIC25/crispy-pancakeBootsy already has a lockfile, it will not be regenerated
[INFO] running `Command { std: CARGO_HOME="/workspace/cargo-home" RUSTUP_HOME="/workspace/rustup-home" "/workspace/cargo-home/bin/cargo" "+e6e4f7ed1589e03bc2f6c5931c1a72e7947e8682" "fetch" "--manifest-path" "Cargo.toml", kill_on_drop: false }`
[INFO] running `Command { std: "docker" "create" "-v" "/var/lib/crater-agent-workspace/builds/worker-2-tc2/target:/opt/rustwide/target:rw,Z" "-v" "/var/lib/crater-agent-workspace/builds/worker-2-tc2/source:/opt/rustwide/workdir:ro,Z" "-v" "/var/lib/crater-agent-workspace/cargo-home:/opt/rustwide/cargo-home:ro,Z" "-v" "/var/lib/crater-agent-workspace/rustup-home:/opt/rustwide/rustup-home:ro,Z" "-e" "SOURCE_DIR=/opt/rustwide/workdir" "-e" "CARGO_TARGET_DIR=/opt/rustwide/target" "-e" "CARGO_HOME=/opt/rustwide/cargo-home" "-e" "RUSTUP_HOME=/opt/rustwide/rustup-home" "-w" "/opt/rustwide/workdir" "-m" "1610612736" "--user" "0:0" "--network" "none" "ghcr.io/rust-lang/crates-build-env/linux@sha256:19e73879b68f455e41552ea35293514db52ea292d993f571636dbffedb77a1ee" "/opt/rustwide/cargo-home/bin/cargo" "+e6e4f7ed1589e03bc2f6c5931c1a72e7947e8682" "metadata" "--no-deps" "--format-version=1", kill_on_drop: false }`
[INFO] [stdout] 947b7a6ecb77583e85fa59751394b4eb21948026f7b054162764932ba9cbaaa2
[INFO] running `Command { std: "docker" "start" "-a" "947b7a6ecb77583e85fa59751394b4eb21948026f7b054162764932ba9cbaaa2", kill_on_drop: false }`
[INFO] running `Command { std: "docker" "inspect" "947b7a6ecb77583e85fa59751394b4eb21948026f7b054162764932ba9cbaaa2", kill_on_drop: false }`
[INFO] running `Command { std: "docker" "rm" "-f" "947b7a6ecb77583e85fa59751394b4eb21948026f7b054162764932ba9cbaaa2", kill_on_drop: false }`
[INFO] [stdout] 947b7a6ecb77583e85fa59751394b4eb21948026f7b054162764932ba9cbaaa2
[INFO] running `Command { std: "docker" "create" "-v" "/var/lib/crater-agent-workspace/builds/worker-2-tc2/target:/opt/rustwide/target:rw,Z" "-v" "/var/lib/crater-agent-workspace/builds/worker-2-tc2/source:/opt/rustwide/workdir:ro,Z" "-v" "/var/lib/crater-agent-workspace/cargo-home:/opt/rustwide/cargo-home:ro,Z" "-v" "/var/lib/crater-agent-workspace/rustup-home:/opt/rustwide/rustup-home:ro,Z" "-e" "SOURCE_DIR=/opt/rustwide/workdir" "-e" "CARGO_TARGET_DIR=/opt/rustwide/target" "-e" "CARGO_INCREMENTAL=0" "-e" "RUST_BACKTRACE=full" "-e" "RUSTFLAGS=--cap-lints=forbid" "-e" "RUSTDOCFLAGS=--cap-lints=forbid" "-e" "CARGO_HOME=/opt/rustwide/cargo-home" "-e" "RUSTUP_HOME=/opt/rustwide/rustup-home" "-w" "/opt/rustwide/workdir" "-m" "1610612736" "--user" "0:0" "--network" "none" "ghcr.io/rust-lang/crates-build-env/linux@sha256:19e73879b68f455e41552ea35293514db52ea292d993f571636dbffedb77a1ee" "/opt/rustwide/cargo-home/bin/cargo" "+e6e4f7ed1589e03bc2f6c5931c1a72e7947e8682" "check" "--frozen" "--all" "--all-targets" "--message-format=json", kill_on_drop: false }`
[INFO] [stdout] bb2caaf721450cf7192b2d8ef6b3ea824c869f297b1243e58864475bda635f85
[INFO] running `Command { std: "docker" "start" "-a" "bb2caaf721450cf7192b2d8ef6b3ea824c869f297b1243e58864475bda635f85", kill_on_drop: false }`
[INFO] [stderr]     Blocking waiting for file lock on package cache
[INFO] [stderr]    Compiling libc v0.2.65
[INFO] [stderr]    Compiling proc-macro2 v1.0.8
[INFO] [stderr]    Compiling syn v1.0.14
[INFO] [stderr]    Compiling unicode-xid v0.2.0
[INFO] [stderr]    Compiling serde v1.0.103
[INFO] [stderr]    Compiling log v0.4.8
[INFO] [stderr]    Compiling byteorder v1.3.2
[INFO] [stderr]    Compiling semver-parser v0.7.0
[INFO] [stderr]    Compiling cfg-if v0.1.10
[INFO] [stderr]    Compiling getrandom v0.1.11
[INFO] [stderr]    Compiling crunchy v0.2.2
[INFO] [stderr]     Checking rustc-hex v2.0.1
[INFO] [stderr]     Checking scopeguard v1.0.0
[INFO] [stderr]     Checking smallvec v0.6.10
[INFO] [stderr]     Checking rand_core v0.4.2
[INFO] [stderr]     Checking rlp v0.4.4
[INFO] [stderr]     Checking ppv-lite86 v0.2.5
[INFO] [stderr]    Compiling quote v1.0.2
[INFO] [stderr]     Checking rand_core v0.3.1
[INFO] [stderr]     Checking impl-rlp v0.2.1
[INFO] [stderr]    Compiling jobserver v0.1.16
[INFO] [stderr]    Compiling num_cpus v1.10.1
[INFO] [stderr]     Checking tiny-keccak v1.5.0
[INFO] [stderr]     Checking rand_core v0.5.1
[INFO] [stderr]    Compiling cc v1.0.46
[INFO] [stderr]     Checking c2-chacha v0.2.2
[INFO] [stderr]     Checking arrayvec v0.5.1
[INFO] [stderr]    Compiling memchr v2.2.1
[INFO] [stderr]     Checking bitvec v0.15.2
[INFO] [stderr]     Checking byte-slice-cast v0.3.4
[INFO] [stderr]     Checking rand_chacha v0.2.1
[INFO] [stderr]     Checking rand v0.7.2
[INFO] [stderr]     Checking itoa v0.4.3
[INFO] [stderr]     Checking uint v0.8.2
[INFO] [stderr]    Compiling ryu v1.0.0
[INFO] [stderr]    Compiling lazy_static v1.4.0
[INFO] [stderr]     Checking lock_api v0.3.1
[INFO] [stderr]    Compiling proc-macro2 v0.4.20
[INFO] [stderr]    Compiling unicode-xid v0.1.0
[INFO] [stderr]     Checking rand_core v0.2.2
[INFO] [stderr]     Checking crossbeam-utils v0.6.6
[INFO] [stderr]     Checking rand v0.5.5
[INFO] [stderr]     Checking futures v0.1.29
[INFO] [stderr]    Compiling arrayvec v0.4.11
[INFO] [stderr]     Checking iovec v0.1.2
[INFO] [stderr]     Checking fixed-hash v0.5.2
[INFO] [stderr]     Checking nodrop v0.1.12
[INFO] [stderr]    Compiling typenum v1.10.0
[INFO] [stderr]     Checking bytes v0.4.12
[INFO] [stderr]    Compiling quote v0.6.8
[INFO] [stderr]    Compiling syn v0.15.26
[INFO] [stderr]     Checking crossbeam-queue v0.1.2
[INFO] [stderr]     Checking stable_deref_trait v1.1.1
[INFO] [stderr]     Checking smallvec v1.0.0
[INFO] [stderr]     Checking slab v0.4.1
[INFO] [stderr]     Checking parity-bytes v0.1.0
[INFO] [stderr]    Compiling num-traits v0.2.6
[INFO] [stderr]     Checking net2 v0.2.33
[INFO] [stderr]    Compiling crunchy v0.1.6
[INFO] [stderr]     Checking tokio-io v0.1.9
[INFO] [stderr]     Checking generic-array v0.12.0
[INFO] [stderr]     Checking mio v0.6.19
[INFO] [stderr]     Checking tokio-executor v0.1.8
[INFO] [stderr]     Checking hash-db v0.15.2
[INFO] [stderr]     Checking owning_ref v0.3.3
[INFO] [stderr]     Checking fnv v1.0.6
[INFO] [stderr]     Checking plain_hasher v0.2.0
[INFO] [stderr]     Checking crossbeam-utils v0.5.0
[INFO] [stderr]     Checking tokio-codec v0.1.1
[INFO] [stderr]     Checking lock_api v0.1.4
[INFO] [stderr]     Checking rand_isaac v0.1.1
[INFO] [stderr]     Checking rand_xorshift v0.1.1
[INFO] [stderr]     Checking rand_hc v0.1.0
[INFO] [stderr]    Compiling hashbrown v0.6.3
[INFO] [stderr]     Checking time v0.1.40
[INFO] [stderr]     Checking byte-tools v0.3.1
[INFO] [stderr]     Checking rustc-hex v1.0.0
[INFO] [stderr]     Checking opaque-debug v0.2.2
[INFO] [stderr]     Checking mio-uds v0.6.7
[INFO] [stderr]     Checking block-padding v0.1.4
[INFO] [stderr]     Checking tokio-sync v0.1.6
[INFO] [stderr]     Checking tokio-timer v0.2.11
[INFO] [stderr]     Checking tokio-current-thread v0.1.6
[INFO] [stderr]     Checking fake-simd v0.1.2
[INFO] [stderr]     Checking digest v0.8.0
[INFO] [stderr]     Checking block-buffer v0.7.3
[INFO] [stderr]    Compiling fs_extra v1.1.0
[INFO] [stderr]     Checking block-cipher-trait v0.6.2
[INFO] [stderr]    Compiling num-integer v0.1.39
[INFO] [stderr]     Checking subtle v1.0.0
[INFO] [stderr]     Checking safemem v0.3.0
[INFO] [stderr]     Checking aes-soft v0.3.3
[INFO] [stderr]     Checking crypto-mac v0.7.0
[INFO] [stderr]     Checking base64 v0.9.3
[INFO] [stderr]     Checking hmac v0.7.0
[INFO] [stderr]    Compiling jemalloc-sys v0.3.2
[INFO] [stderr]     Checking sha2 v0.8.0
[INFO] [stderr]     Checking stream-cipher v0.3.0
[INFO] [stderr]    Compiling parity-secp256k1 v0.7.0
[INFO] [stderr]     Checking ctr v0.3.2
[INFO] [stderr]    Compiling regex-syntax v0.6.12
[INFO] [stderr]     Checking pbkdf2 v0.3.0
[INFO] [stderr]     Checking aes-ctr v0.3.0
[INFO] [stderr]    Compiling synstructure v0.12.3
[INFO] [stderr]     Checking scrypt v0.2.0
[INFO] [stderr]     Checking aes v0.3.2
[INFO] [stderr]     Checking block-modes v0.3.3
[INFO] [stderr]     Checking ripemd160 v0.8.0
[INFO] [stderr]     Checking subtle v2.1.0
[INFO] [stderr]    Compiling heapsize v0.4.2
[INFO] [stderr]    Compiling aho-corasick v0.7.6
[INFO] [stderr]    Compiling thread_local v0.3.6
[INFO] [stderr]     Checking elastic-array v0.10.2
[INFO] [stderr]     Checking either v1.5.0
[INFO] [stderr]    Compiling cmake v0.1.35
[INFO] [stderr]     Checking chrono v0.4.6
[INFO] [stderr]    Compiling synstructure v0.10.1
[INFO] [stderr]    Compiling parity-snappy-sys v0.1.2
[INFO] [stderr]     Checking timer v0.2.0
[INFO] [stderr]     Checking matches v0.1.8
[INFO] [stderr]    Compiling regex v1.3.1
[INFO] [stderr]     Checking unicode-bidi v0.3.4
[INFO] [stderr]     Checking unexpected v0.1.0 (/opt/rustwide/workdir/util/unexpected)
[INFO] [stderr]     Checking unicode-normalization v0.1.7
[INFO] [stderr]    Compiling serde_derive v1.0.103
[INFO] [stderr]    Compiling proc-macro-hack v0.5.9
[INFO] [stderr]    Compiling malloc_size_of_derive v0.1.1
[INFO] [stderr]    Compiling parity-util-mem-derive v0.1.0
[INFO] [stderr]    Compiling impl-trait-for-tuples v0.1.3
[INFO] [stderr]    Compiling rlp_derive v0.1.0 (/opt/rustwide/workdir/util/rlp-derive)
[INFO] [stderr]    Compiling const-random-macro v0.1.6
[INFO] [stderr]    Compiling zeroize_derive v0.9.3
[INFO] [stderr]     Checking const-random v0.1.6
[INFO] [stderr]     Checking ahash v0.2.18
[INFO] [stderr]     Checking zeroize v0.9.3
[INFO] [stderr]     Checking ansi_term v0.11.0
[INFO] [stderr]     Checking http v0.1.21
[INFO] [stderr]    Compiling indexmap v1.3.0
[INFO] [stderr]     Checking rand v0.4.6
[INFO] [stderr]    Compiling derive_more v0.15.0
[INFO] [stderr]    Compiling ring v0.16.9
[INFO] [stderr]    Compiling httparse v1.3.3
[INFO] [stderr]     Checking untrusted v0.7.0
[INFO] [stderr]     Checking spin v0.5.2
[INFO] [stderr]     Checking linked-hash-map v0.5.1
[INFO] [stderr]     Checking itertools v0.8.0
[INFO] [stderr]     Checking string v0.2.1
[INFO] [stderr]     Checking try-lock v0.2.2
[INFO] [stderr]    Compiling rayon-core v1.5.0
[INFO] [stderr]     Checking want v0.0.6
[INFO] [stderr]     Checking h2 v0.1.26
[INFO] [stderr]     Checking parity-snappy v0.1.0
[INFO] [stderr]     Checking idna v0.2.0
[INFO] [stderr]     Checking sct v0.6.0
[INFO] [stderr]     Checking futures-cpupool v0.1.8
[INFO] [stderr]    Compiling static_assertions v1.1.0
[INFO] [stderr]     Checking url v2.1.0
[INFO] [stderr]     Checking webpki v0.21.0
[INFO] [stderr]     Checking lru-cache v0.1.2
[INFO] [stderr]     Checking base64 v0.10.1
[INFO] [stderr]     Checking rustls v0.16.0
[INFO] [stderr]    Compiling backtrace-sys v0.1.24
[INFO] [stderr]     Checking openssl-probe v0.1.2
[INFO] [stderr]     Checking remove_dir_all v0.5.1
[INFO] [stderr]     Checking tempdir v0.3.7
[INFO] [stderr]     Checking ct-logs v0.6.0
[INFO] [stderr]     Checking itertools v0.5.10
[INFO] [stderr]     Checking parity-wasm v0.31.3
[INFO] [stderr]     Checking error-chain v0.12.0
[INFO] [stderr]     Checking triehash v0.8.2
[INFO] [stderr]     Checking bit-vec v0.4.4
[INFO] [stderr]     Checking nan-preserving-float v0.1.0
[INFO] [stderr]    Compiling unicode-segmentation v1.2.1
[INFO] [stderr]     Checking memory_units v0.3.0
[INFO] [stderr]     Checking bit-set v0.4.0
[INFO] [stderr]     Checking atty v0.2.11
[INFO] [stderr]     Checking pwasm-utils v0.6.1
[INFO] [stderr]    Compiling heck v0.3.0
[INFO] [stderr]     Checking wasmi v0.3.0
[INFO] [stderr]     Checking ethabi-contract v9.0.0
[INFO] [stderr]     Checking edit-distance v2.0.1
[INFO] [stderr]     Checking hamming v0.1.3
[INFO] [stderr]     Checking arrayref v0.3.5
[INFO] [stderr]     Checking primal-bit v0.2.4
[INFO] [stderr]     Checking primal-estimate v0.2.1
[INFO] [stderr]     Checking rlp_compress v0.1.0 (/opt/rustwide/workdir/util/rlp-compress)
[INFO] [stderr]     Checking primal-check v0.2.3
[INFO] [stderr]     Checking primal-sieve v0.2.9
[INFO] [stderr]     Checking rustls-native-certs v0.1.0
[INFO] [stderr]     Checking tokio-rustls v0.10.3
[INFO] [stderr]     Checking xdg v2.1.0
[INFO] [stderr]     Checking memmap v0.6.2
[INFO] [stderr]     Checking static_assertions v0.3.3
[INFO] [stderr]     Checking home v0.3.3
[INFO] [stderr]     Checking app_dirs v1.2.1 (https://github.com/paritytech/app-dirs-rs#0b37f948)
[INFO] [stderr]     Checking trace-time v0.1.1
[INFO] [stderr]    Compiling failure_derive v0.1.3
[INFO] [stderr]     Checking transaction-pool v2.0.1
[INFO] [stderr]    Compiling num-iter v0.1.37
[INFO] [stderr]     Checking primal v0.2.3
[INFO] [stderr]     Checking stats v0.1.0 (/opt/rustwide/workdir/util/stats)
[INFO] [stderr]     Checking rustc-serialize v0.3.24
[INFO] [stderr]     Checking eip-152 v0.1.0 (/opt/rustwide/workdir/util/EIP-152)
[INFO] [stderr]     Checking quick-error v1.2.2
[INFO] [stderr]     Checking siphasher v0.3.0
[INFO] [stderr]     Checking humantime v1.1.1
[INFO] [stderr]     Checking impl-serde v0.2.3
[INFO] [stderr]     Checking parity-scale-codec v1.1.0
[INFO] [stderr]     Checking serde_json v1.0.40
[INFO] [stderr]    Compiling semver v0.9.0
[INFO] [stderr]     Checking ethbloom v0.8.1
[INFO] [stderr]    Compiling rustc_version v0.2.3
[INFO] [stderr]    Compiling parking_lot_core v0.6.2
[INFO] [stderr]    Compiling parking_lot v0.9.0
[INFO] [stderr]    Compiling memoffset v0.5.1
[INFO] [stderr]    Compiling parking_lot_core v0.3.1
[INFO] [stderr]    Compiling rand_chacha v0.1.0
[INFO] [stderr]    Compiling rand_pcg v0.1.1
[INFO] [stderr]     Checking impl-codec v0.4.2
[INFO] [stderr]     Checking crossbeam-epoch v0.7.2
[INFO] [stderr]     Checking primitive-types v0.6.1
[INFO] [stderr]    Compiling rand v0.6.1
[INFO] [stderr]     Checking crossbeam-deque v0.7.1
[INFO] [stderr]     Checking parking_lot v0.6.4
[INFO] [stderr]     Checking tokio-reactor v0.1.6
[INFO] [stderr]     Checking tokio-threadpool v0.1.16
[INFO] [stderr]     Checking crossbeam-deque v0.6.3
[INFO] [stderr]     Checking parity-util-mem v0.4.2
[INFO] [stderr]     Checking tokio-tcp v0.1.2
[INFO] [stderr]     Checking tokio-udp v0.1.2
[INFO] [stderr]     Checking tokio-uds v0.2.5
[INFO] [stderr]     Checking kvdb v0.3.1
[INFO] [stderr]     Checking tokio-fs v0.1.6
[INFO] [stderr]     Checking blooms-db v0.1.0 (/opt/rustwide/workdir/util/blooms-db)
[INFO] [stderr]     Checking num-bigint v0.1.44
[INFO] [stderr]     Checking bn v0.4.4 (https://github.com/paritytech/bn#6beba2ed)
[INFO] [stderr]     Checking rayon v1.1.0
[INFO] [stderr]     Checking ethereum-types v0.8.0
[INFO] [stderr]     Checking tokio v0.1.22
[INFO] [stderr]     Checking keccak-hash v0.4.0
[INFO] [stderr]     Checking ethcore-io v1.12.0 (/opt/rustwide/workdir/util/io)
[INFO] [stderr]     Checking hyper v0.12.19
[INFO] [stderr]     Checking parity-runtime v0.1.0 (/opt/rustwide/workdir/util/runtime)
[INFO] [stderr]     Checking trie-db v0.18.0
[INFO] [stderr]     Checking parity-wordlist v1.3.0
[INFO] [stderr]     Checking num v0.1.42
[INFO] [stderr]     Checking termcolor v1.0.4
[INFO] [stderr]     Checking keccak-hasher v0.1.1 (/opt/rustwide/workdir/util/keccak-hasher)
[INFO] [stderr]     Checking ethjson v0.1.0 (/opt/rustwide/workdir/json)
[INFO] [stderr]     Checking fastmap v0.1.0 (/opt/rustwide/workdir/util/fastmap)
[INFO] [stderr]     Checking ethabi v9.0.1
[INFO] [stderr]     Checking triehash-ethereum v0.2.0 (/opt/rustwide/workdir/util/triehash-ethereum)
[INFO] [stderr]     Checking account-db v0.1.0 (/opt/rustwide/workdir/ethcore/account-db)
[INFO] [stderr]    Compiling rustc-demangle v0.1.9
[INFO] [stderr]     Checking ethcore-bloom-journal v0.1.0 (/opt/rustwide/workdir/util/bloom)
[INFO] [stderr]     Checking env_logger v0.5.13
[INFO] [stderr]     Checking patricia-trie-ethereum v0.1.0 (/opt/rustwide/workdir/util/patricia-trie-ethereum)
[INFO] [stderr]    Compiling bitflags v1.0.4
[INFO] [stderr]    Compiling unicase v2.2.0
[INFO] [stderr]    Compiling glob v0.3.0
[INFO] [stderr]    Compiling nom v4.2.3
[INFO] [stderr]    Compiling libloading v0.5.0
[INFO] [stderr]    Compiling clang-sys v0.28.1
[INFO] [stderr]     Checking hyper-rustls v0.18.0
[INFO] [stderr]    Compiling unicode-width v0.1.5
[INFO] [stderr]     Checking fetch v0.1.0 (/opt/rustwide/workdir/util/fetch)
[INFO] [stderr]    Compiling textwrap v0.11.0
[INFO] [stderr]     Checking price-info v1.12.0 (/opt/rustwide/workdir/miner/price-info)
[INFO] [stderr]    Compiling strsim v0.8.0
[INFO] [stderr]    Compiling bindgen v0.49.2
[INFO] [stderr]    Compiling vec_map v0.8.1
[INFO] [stderr]     Checking vm v0.1.0 (/opt/rustwide/workdir/ethcore/vm)
[INFO] [stderr]    Compiling clap v2.33.0
[INFO] [stderr]    Compiling env_logger v0.6.2
[INFO] [stderr]     Checking wasm v0.1.0 (/opt/rustwide/workdir/ethcore/wasm)
[INFO] [stderr]     Checking jsonrpc-core v14.0.5
[INFO] [stderr]    Compiling fxhash v0.2.1
[INFO] [stderr]     Checking aho-corasick v0.6.8
[INFO] [stderr]    Compiling ethabi-derive v9.0.1
[INFO] [stderr]    Compiling cexpr v0.3.6
[INFO] [stderr]    Compiling peeking_take_while v0.1.2
[INFO] [stderr]     Checking macros v0.1.0 (/opt/rustwide/workdir/util/macros)
[INFO] [stderr]    Compiling shlex v0.1.1
[INFO] [stderr]     Checking globset v0.4.2
[INFO] [stderr]     Checking tokio-service v0.1.0
[INFO] [stderr]     Checking owning_ref v0.4.0
[INFO] [stderr]     Checking fs-swap v0.2.4
[INFO] [stderr]     Checking interleaved-ordered v0.1.1
[INFO] [stderr]     Checking kvdb-memorydb v0.3.1
[INFO] [stderr]     Checking time-utils v0.1.0 (/opt/rustwide/workdir/util/time-utils)
[INFO] [stderr]     Checking len-caching-lock v0.1.1 (/opt/rustwide/workdir/util/len-caching-lock)
[INFO] [stderr]     Checking rand_xorshift v0.2.0
[INFO] [stderr]     Checking using_queue v0.1.0 (/opt/rustwide/workdir/miner/using-queue)
[INFO] [stderr]     Checking jsonrpc-server-utils v14.0.3
[INFO] [stderr]    Compiling derive_more v0.14.0
[INFO] [stderr]     Checking idna v0.1.5
[INFO] [stderr]     Checking percent-encoding v1.0.1
[INFO] [stderr]     Checking jsonrpc-tcp-server v14.0.3
[INFO] [stderr]     Checking url v1.7.1
[INFO] [stderr]     Checking ethcore-stratum v1.12.0 (/opt/rustwide/workdir/miner/stratum)
[INFO] [stderr]    Compiling unicase v1.4.2
[INFO] [stderr]     Checking ipnetwork v0.12.8
[INFO] [stderr]     Checking xml-rs v0.7.0
[INFO] [stderr]    Compiling natpmp v0.2.0
[INFO] [stderr]     Checking attohttpc v0.4.1
[INFO] [stderr]     Checking xmltree v0.8.0
[INFO] [stderr]     Checking igd v0.9.0
[INFO] [stderr]     Checking regex-automata v0.1.8
[INFO] [stderr]     Checking parity-path v0.1.1
[INFO] [stderr]     Checking slab v0.2.0
[INFO] [stderr]     Checking bstr v0.2.8
[INFO] [stderr]     Checking csv-core v0.1.6
[INFO] [stderr]    Compiling bincode v1.1.4
[INFO] [stderr]     Checking same-file v1.0.3
[INFO] [stderr]     Checking cast v0.2.2
[INFO] [stderr]     Checking criterion-plot v0.4.0
[INFO] [stderr]    Compiling phf_shared v0.7.23
[INFO] [stderr]     Checking csv v1.1.1
[INFO] [stderr]     Checking walkdir v2.2.7
[INFO] [stderr]     Checking tinytemplate v1.0.2
[INFO] [stderr]     Checking rand_xoshiro v0.3.1
[INFO] [stderr]     Checking rand_os v0.2.2
[INFO] [stderr]     Checking failsafe v0.3.0
[INFO] [stderr]     Checking criterion v0.3.0
[INFO] [stderr]     Checking num-traits v0.1.43
[INFO] [stderr]     Checking enum_primitive v0.1.1
[INFO] [stderr]    Compiling toml v0.4.10
[INFO] [stderr]     Checking generic-array v0.9.0
[INFO] [stderr]     Checking byte-tools v0.2.0
[INFO] [stderr]     Checking block-buffer v0.3.3
[INFO] [stderr]    Compiling vergen v3.0.4
[INFO] [stderr]    Compiling phf_generator v0.7.23
[INFO] [stderr]     Checking digest v0.7.6
[INFO] [stderr]     Checking phf v0.7.23
[INFO] [stderr]    Compiling phf_codegen v0.7.23
[INFO] [stderr]     Checking mime v0.3.12
[INFO] [stderr]    Compiling mime_guess v2.0.0-alpha.6
[INFO] [stderr]    Compiling utf8-ranges v1.0.4
[INFO] [stderr]    Compiling winapi v0.3.8
[INFO] [stderr]    Compiling logos-derive v0.7.7
[INFO] [stderr]     Checking toolshed v0.6.3
[INFO] [stderr]     Checking sha2 v0.7.1
[INFO] [stderr]     Checking target_info v0.1.0
[INFO] [stderr]     Checking sha1 v0.5.0
[INFO] [stdout] error[E0061]: this method takes 1 argument but 2 arguments were supplied
[INFO] [stdout]   --> /opt/rustwide/cargo-home/registry/src/index.crates.io-6f17d22bba15001f/logos-derive-0.7.7/src/lib.rs:55:20
[INFO] [stdout]    |
[INFO] [stdout] 55 |             extras.insert(util::ident(&ext), |_| panic!("Only one #[extras] attribute can be declared."));
[INFO] [stdout]    |                    ^^^^^^                  -------------------------------------------------------------
[INFO] [stdout]    |                                            | |
[INFO] [stdout]    |                                            | unexpected argument of type `[closure@/opt/rustwide/cargo-home/registry/src/index.crates.io-6f17d22bba15001f/logos-derive-0.7.7/src/lib.rs:55:46: 55:49]`
[INFO] [stdout]    |                                            help: remove the extra argument
[INFO] [stdout]    |
[INFO] [stdout] note: method defined here
[INFO] [stdout]   --> /rustc/e6e4f7ed1589e03bc2f6c5931c1a72e7947e8682/library/core/src/option.rs:1554:12
[INFO] [stdout] 
[INFO] [stdout] 
[INFO] [stdout] error[E0061]: this method takes 1 argument but 2 arguments were supplied
[INFO] [stdout]   --> /opt/rustwide/cargo-home/registry/src/index.crates.io-6f17d22bba15001f/logos-derive-0.7.7/src/lib.rs:89:23
[INFO] [stdout]    |
[INFO] [stdout] 89 |                 error.insert(variant, |_| panic!("Only one #[error] variant can be declared."));
[INFO] [stdout]    |                       ^^^^^^        ----------------------------------------------------------
[INFO] [stdout]    |                                     | |
[INFO] [stdout]    |                                     | unexpected argument of type `[closure@/opt/rustwide/cargo-home/registry/src/index.crates.io-6f17d22bba15001f/logos-derive-0.7.7/src/lib.rs:89:39: 89:42]`
[INFO] [stdout]    |                                     help: remove the extra argument
[INFO] [stdout]    |
[INFO] [stdout] note: method defined here
[INFO] [stdout]   --> /rustc/e6e4f7ed1589e03bc2f6c5931c1a72e7947e8682/library/core/src/option.rs:1554:12
[INFO] [stdout] 
[INFO] [stdout] 
[INFO] [stdout] error[E0061]: this method takes 1 argument but 2 arguments were supplied
[INFO] [stdout]   --> /opt/rustwide/cargo-home/registry/src/index.crates.io-6f17d22bba15001f/logos-derive-0.7.7/src/lib.rs:93:21
[INFO] [stdout]    |
[INFO] [stdout] 93 |                 end.insert(variant, |_| panic!("Only one #[end] variant can be declared."));
[INFO] [stdout]    |                     ^^^^^^        --------------------------------------------------------
[INFO] [stdout]    |                                   | |
[INFO] [stdout]    |                                   | unexpected argument of type `[closure@/opt/rustwide/cargo-home/registry/src/index.crates.io-6f17d22bba15001f/logos-derive-0.7.7/src/lib.rs:93:37: 93:40]`
[INFO] [stdout]    |                                   help: remove the extra argument
[INFO] [stdout]    |
[INFO] [stdout] note: method defined here
[INFO] [stdout]   --> /rustc/e6e4f7ed1589e03bc2f6c5931c1a72e7947e8682/library/core/src/option.rs:1554:12
[INFO] [stdout] 
[INFO] [stdout] 
[INFO] [stderr]     Checking base-x v0.2.3
[INFO] [stdout] error: aborting due to 3 previous errors
[INFO] [stdout] 
[INFO] [stdout] 
[INFO] [stdout] For more information about this error, try `rustc --explain E0061`.
[INFO] [stdout] 
[INFO] [stderr] error: could not compile `logos-derive` (lib) due to 4 previous errors
[INFO] [stderr] warning: build failed, waiting for other jobs to finish...
[INFO] running `Command { std: "docker" "inspect" "bb2caaf721450cf7192b2d8ef6b3ea824c869f297b1243e58864475bda635f85", kill_on_drop: false }`
[INFO] running `Command { std: "docker" "rm" "-f" "bb2caaf721450cf7192b2d8ef6b3ea824c869f297b1243e58864475bda635f85", kill_on_drop: false }`
[INFO] [stdout] bb2caaf721450cf7192b2d8ef6b3ea824c869f297b1243e58864475bda635f85
